 What is the units digit of f(10)?
6
Let z(m) = 185*m**3 + 4*m**2 - 5*m + 2. Suppose 0 = 3*b - 2*v - 1, 0 = -3*b + 5*b + 4*v - 6. What is the units digit of z(b)?
6
Let y(u) = 31*u + 5. Let x(g) = -31*g - 4. Let p(b) = -6*x(b) - 5*y(b). Let q be 7 + (-23 + 18)*(4 - (-42)/(-15)). What is the units digit of p(q)?
0
Let k = 29969 + -18762. What is the hundreds digit of k?
2
Suppose -28 = -g - 28. Suppose -4*z + 5 - 33 = g. What is the tens digit of (34 - -2) + z + 8?
3
Let b be ((-17444)/534)/((-2)/12). Let i(c) = 9*c - 4. Let d be i(-5). Let u = b - d. What is the units digit of u?
5
Let w = 3231 + -4979. What is the hundreds digit of w/4*(-6 - -5)?
4
Let f be (-5 + 26)/7*1. Suppose -5*t - 25 = 0, -f*s - 4*t + 0*t = -1030. What is the tens digit of s?
5
Suppose -5*i + 77 + 318 = 5*n, 0 = 3*n - 3*i - 249. Let w = -3 - 6. What is the tens digit of (-3)/(n/(-6)) - 1654/w?
8
Let t be ((-24)/(-6))/((-4)/(-6)). Let v(x) = 25 - 3*x**3 + x**2 + 2*x**3 - 23 - t*x + 13*x**2. What is the units digit of v(12)?
8
Let k(s) = -3*s**2 - s - 19. Let d(a) = -4*a**2 - 3*a - 20. Let y(w) = -4*d(w) + 5*k(w). What is the tens digit of y(-15)?
0
Let r(j) = j**3 + 47*j**2 - 618*j - 92. What is the tens digit of r(22)?
0
Let g(i) = 474*i - 31. Let t be g(5). Suppose t = -6*m + 6917. Suppose 0*r - 5*r + 795 = 5*k, 0 = -5*k + 3*r + m. What is the units digit of k?
5
Let g(f) = 2053*f + 2267. What is the tens digit of g(8)?
9
Suppose 2*t + 358*x - 8204 = 362*x, 0 = 2*t + 2*x - 8174. What is the units digit of t?
2
Suppose 8*f - 23 = 1. Suppose f*g + 9 = 3*w, g + 3*w = 18 - 1. Suppose 7 + 113 = g*r. What is the units digit of r?
0
Let l be ((-1)/(-5) + 1)*(-75)/(-45). Suppose 0 = l*h + 3*k - 1191, -14*h - 2*k = -17*h + 1819. What is the tens digit of h?
0
Suppose 2*c - 2*b = -c + 53, 0 = -5*c - 3*b + 82. Suppose 0 = -c*n + 28*n - 3465. What is the hundreds digit of n?
3
Let i(z) = 34*z + 464. What is the tens digit of i(93)?
2
Let y(w) = 781*w + 1847. What is the thousands digit of y(53)?
3
Suppose 7*f - 136708 + 45544 = 244899. What is the hundreds digit of f?
0
Let z = -12852 - -43308. What is the units digit of z?
6
Suppose 83931 = 35*z - 46514. What is the tens digit of z?
2
Let b(z) = 1539*z**2 - 203*z - 406. What is the thousands digit of b(-2)?
6
Let i(g) = 52*g - 56. Suppose -6*j = -5*j + 5, 28 = m - 3*j. What is the units digit of i(m)?
0
Suppose -2*n + n = 2*o, -4*o = -4*n + 36. Suppose 2*v - k = n + 8, 4*k = 3*v - 31. Suppose -7*z + 228 = -v*z. What is the units digit of z?
4
Let o = -3241 - -10137. What is the hundreds digit of o?
8
Suppose 0 = 2*c + 2*c. What is the units digit of c - 4758/(-9) - 9/(-27)?
9
Let h(t) = t**3 - 27*t**2 - 584*t + 145. What is the units digit of h(51)?
5
Let u = 282 + -269. What is the units digit of u/(819/34380) - 2/(-7)?
6
Suppose 3*f - 7*w = -4*w + 30, 3*f + 4*w + 5 = 0. Suppose -12 = f*c - 9*c, 3*q = -4*c + 936. What is the units digit of q?
8
What is the hundreds digit of 6592164/1972 - (-2)/17?
3
Suppose k - 3*k + 12 = 0. Let f be -2 + -3*k/9. What is the tens digit of -4 + (f - (-92)/1)?
8
Let t(m) = 13*m**2 + 2*m + 83. Let f(c) = -2*c. Let x(v) = 4*f(v) + t(v). What is the hundreds digit of x(8)?
8
Suppose i = -2*d + 27526 - 1897, -10 = -2*i. What is the ten thousands digit of d?
1
Let b(p) = -4*p**2 - 89*p + 10. Let o be b(-20). Suppose -6*y - 4*z - o = -9*y, 5*y = -3*z + 336. What is the tens digit of y?
6
Let g(o) = 402*o**3 - 4*o**2 - 47*o + 162. What is the units digit of g(3)?
9
Suppose -494258 = -85*s + 156927. What is the units digit of s?
1
Let w(f) = -f**3 + 48*f**2 + 68*f + 28. What is the units digit of w(34)?
4
Let b = -3814 + 3814. Let v = 10 + -6. Suppose -3*i = b, 0 = -3*n + v*i + 196 + 173. What is the hundreds digit of n?
1
Let c = -20743 + 30544. What is the hundreds digit of c?
8
What is the units digit of (213/(-355))/((-8)/12 - 419162/(-628770))?
9
Let p(j) = 111*j**2 + 43*j - 16. What is the units digit of p(8)?
2
Let k(v) = 4602*v - 120. What is the hundreds digit of k(5)?
8
Suppose -4 = -3*p - 5*n + 4, -4*p + 2*n = 24. What is the hundreds digit of (2/p)/(-5 - 20247/(-4050))?
6
Suppose 0 = -2*t + 2, -4*t - 19476 + 5164 = -2*l. What is the tens digit of l?
5
Let q(j) = -5*j**2 + 8*j - 2. Let u be q(4). Let v = -47 - u. Suppose -16*d + v*d = -2301. What is the hundreds digit of d?
1
Suppose g + 5*t - 749 = -184, -g = 4*t - 561. Suppose 0 = -5*l - 10, -4*l - g - 151 = -4*d. What is the hundreds digit of d?
1
Let r be -5 + 7 + (-3 - -1691) + -3. Let f = -1135 + r. What is the hundreds digit of f?
5
Suppose 2*x - 2*u = -u + 18, -5*x = 3*u - 56. Let d = x - 1. What is the units digit of (-8)/(-1) - d/(-9)?
9
Suppose -3*c + r = -925 - 46, 4*c - 1288 = 3*r. Suppose c = 5*a - 6*b + b, 2*a - 130 = 3*b. What is the units digit of a?
5
Let f(q) = -63*q**3 + 15*q**2 - 75*q - 3. What is the units digit of f(-5)?
2
Suppose -7*u = -5*i - 6*u + 13879, -3*i - u + 8329 = 0. Suppose -4*o = -5*v - i, 16*o - 3*v = 18*o - 1410. What is the hundreds digit of o?
6
Suppose 41*w - 2 = 162. Suppose 4*i = 5*v - 3166 - 3163, -5096 = -w*v - 5*i. What is the thousands digit of v?
1
What is the units digit of 312/(-3)*-56 - (-8 + (-5 - -17))?
0
Suppose 0 = -l - 4, 0 = -4*t - 0*l - 3*l + 4216. Suppose 0 = 3*q + 3*n - 747, -4*n + 282 - t = -3*q. What is the hundreds digit of q?
2
Let w = -10520 - -30932. What is the units digit of w?
2
Suppose 390 = -6*y + 414. Suppose -4*t = y*p - 0*t - 1896, -951 = -2*p - t. What is the units digit of p?
7
Let z(b) = -3*b**2 + 5*b + 30. Let c be z(8). Let u be (5 - 2) + (-5 - -1) + c. What is the units digit of (-2 + 3)*0 - u?
3
Let u be 4*(-36)/8*158/(-3). Let g = u + -361. What is the tens digit of g?
8
Suppose 2*n = -4*i - 23 + 163, -i - 2*n + 41 = 0. Let p(f) = 6*f + 25*f**2 - 59*f**2 + i*f**2 - 2. What is the units digit of p(4)?
6
Let a(q) = 8*q - 43. Let g be a(16). Let m be g - (6/(-2))/(3 - 2). Suppose d = -n + m, -3*d = -5*d. What is the tens digit of n?
8
Let i be 16/8*1/(-2). Let d(g) = 388*g**2 + 2. What is the hundreds digit of d(i)?
3
Let l(b) = 124*b**2 - 50*b - 536. What is the tens digit of l(-11)?
1
Suppose 13 = 2*t - 3*m + 4*m, 2*t = 3*m + 1. Suppose 5*p + 45 = 5*s, -t*s + s - 5*p = -18. Suppose -209 = -s*l + 127. What is the units digit of l?
8
Suppose -73*s + 312855 = -25472 + 31946. What is the thousands digit of s?
4
Suppose 240 = -2*m + 626. Suppose -16 = 3*x - m. Suppose -5*c = -26 - x. What is the units digit of c?
7
Let l = -276 + 329. Suppose d + 3 - 9 = -2*q, d + 4*q = 10. Suppose -2*a + d*i = -i - l, -27 = -a + 2*i. What is the units digit of a?
5
Suppose -15*a + 10*a = p - 92532, 3*a = 5*p + 55564. What is the hundreds digit of a?
5
Let s = 37974 - 25668. What is the units digit of s?
6
Let o be (-140)/(-2) + (-4)/(-1). Suppose -w + o = 11. What is the tens digit of 14/w + -34*58/(-36)?
5
Suppose 3*k - 4*k - 4 = 2*s, 4*s = -4*k - 8. Let t(g) = 18*g - 1. Let c be t(s). Let v = 52 - c. What is the tens digit of v?
8
Suppose 2*m - 150 = -536. Let h = 145 - m. What is the tens digit of h?
3
Suppose f = -8*f - 9. Let j be (-454)/4*-4*f/(-2). Suppose 0 = m - 5*q - 44, -3*q - j = -4*m - 0*q. What is the units digit of m?
9
Let v(d) = d**2 - 11*d + 13. Let x be v(10). Let l be (-2)/(1 - x)*0/(-3). Suppose 3*j = -6*i + 7*i + 302, l = -2*j + i + 202. What is the tens digit of j?
0
Let y(m) = -m**3 - 9*m**2 - 7*m - 1. Let x be y(-5). Let o = x + 196. Suppose -3*b + 135 + o = d, 3*b + 15 = 0. What is the hundreds digit of d?
2
Let a = -118 - -116. Let c be (10 + -5 - -2) + a. Suppose 0 = -3*d + c*z - 6*z + 434, 0 = 5*z - 25. What is the units digit of d?
3
Let a be 5/(-3) - 8/(-12). Let c be (-32)/2*((-6)/(-8) - a). What is the hundreds digit of (c/42)/(4/(-1338))?
2
Let o(a) = -10*a**2 - 12*a + 59. Let w(s) = s**2 - 2*s. Let x(j) = -o(j) - 2*w(j). What is the tens digit of x(7)?
4
Let o(f) = 2*f**2 - 8*f - 5. Let s be o(4). Let v be s/3 + (-40)/(-15). Suppose 5*w + 29 = 4*c, 0 = -c + 4*w - v + 22. What is the units digit of c?
1
Let u(v) = 2*v**2 + 14*v + 6. Let p(m) = -8*m**2 - m. Let z be p(-1). Let f be u(z). Suppose -64 = 2*c - f*c. What is the tens digit of c?
1
Let o be (-41385)/(-248) - (-1)/8. Let v = o - -88. What is the units digit of v?
5
Let p be (385/15)/((-2)